 - 2*o(s). What is the units digit of t(2)?
0
Let b(p) = 2*p**2 - 2*p - 2. Let l be b(2). Let h be (l/(-6))/((-6)/54). Let m = 7 - h. What is the units digit of m?
4
Let p(x) = -x**3 + 4*x**2 + x + 3. Let c be p(4). What is the units digit of ((-1792)/12)/c*-3?
4
What is the thousands digit of 1079 - ((-9)/(-27))/(3/36)?
1
Let h be -2 + 6 + 0 + -2. Suppose h = 4*c + 3*u, -3*u - 16 = -2*c - 3*c. What is the units digit of 92/c*1/2?
3
Suppose -2*x + v = 3477 - 8916, 5*v = 15. What is the tens digit of x?
2
Suppose -n - r = -407, -4*n + 2092 = r + 479. What is the units digit of n?
2
Let z(s) = s**3 + 4*s**2 - 19*s + 9. Let m be z(-7). What is the units digit of 3 - 1*(m + 2)?
6
Suppose -52*b - 43842 + 282782 = 0. What is the hundreds digit of b?
5
Suppose b - j - 1197 = 0, 0 = -3*b - 3*j + 1895 + 1684. What is the units digit of b?
5
Let m = 0 - -2. Let t(g) = g**2 - 2. Let n be t(3). Suppose n = 3*d - m*d. What is the units digit of d?
7
Let n(j) be the third derivative of 1/6*j**4 - 7*j**2 - 1/2*j**3 + 1/6*j**5 + 0*j + 0. What is the units digit of n(2)?
5
Let u(y) = 3*y**2 - 4*y - 6*y**2 - y**3 + 2 + 8*y**2. Let b be u(2). Suppose 336 = b*a - 54. What is the tens digit of a?
6
What is the tens digit of (1*39/(-4))/((-30)/1840)?
9
What is the tens digit of -2 - -1 - (4 - -4 - 163)?
5
Suppose 4*b - 14 = s, -4*b + s = b - 18. Let z be 5 + (-4)/(8/b). What is the units digit of z/(-12)*14*-6?
1
Suppose 3*q - q - 624 = 0. Let k = q - 48. What is the tens digit of k?
6
What is the units digit of (54/14 - 9/(-21))*84?
0
Suppose -2*z + 4137 = b, -11712 = -5*b + z + 8995. What is the tens digit of b?
4
Suppose 3*s - 6*s = 4*a - 16, 0 = 3*s + 5*a - 17. Let t be 74/(-8) + 1/s. What is the units digit of 4/(4/t)*-1?
9
Suppose 0*b + 3*b - 18 = 0. Suppose -4 = q - b. Suppose 4*v = q*v + 78. What is the units digit of v?
9
Let j(o) = o**2 + 3*o + 20. Let y be j(-9). Let p = y - 16. What is the tens digit of p?
5
Let z = 528 + -375. Suppose -2*k - r = -286, k + 2*r - z = 4*r. What is the hundreds digit of k?
1
Let x = 8296 - 4172. What is the hundreds digit of x?
1
Let y(u) = 19*u - 74. What is the tens digit of y(6)?
4
Let z(g) = 22*g + 21. What is the hundreds digit of z(10)?
2
Suppose 176 = -0*v + 8*v. Let x = v - -2. What is the units digit of x?
4
Suppose 0 = -20*j + 93*j - 208926. What is the thousands digit of j?
2
Let p = 3 - 8. Let d(q) = q**2 - q + 12. Let k(o) = o**2 + o + 1. Let m(l) = -d(l) + 4*k(l). What is the tens digit of m(p)?
4
Let m be -8*((-18)/4 - -4). Suppose 0 = -6*w + m*w + 248. Suppose -w = -4*q - 4*c, -q = -c - 16 - 15. What is the tens digit of q?
3
Let l = 78 - 55. Suppose 2*m + u = 5, m + 4*u + 3 = l. Suppose 5*s + 182 - 452 = m. What is the units digit of s?
4
Let w be 1/(-4) + 5/4 + -4. What is the hundreds digit of 102*1 + 4 + w?
1
Suppose -2*n + 12 = -6*n, -147 = -3*r + 4*n. Suppose 3*k = 3*h - 3, 0 = -3*k + 2*k + 4*h - 1. What is the units digit of (k + -1)/((-5)/r)?
8
Let j(l) = -8*l**3 - 9*l**2 - 12*l + 5. What is the tens digit of j(-5)?
4
Let x(c) = c**2 + 7*c - 1. Let j be (34/6 - 3)/(4/(-18)). What is the units digit of x(j)?
9
Suppose -3*x + 3 + 6 = 0. Suppose x*g = -0*g + 348. What is the hundreds digit of g?
1
Suppose 2*m + 134 = 2*u, 129 = -2*m - 0*m - 3*u. Let h = m + 161. What is the units digit of h?
5
Let k(f) = 2*f**3 - 9*f**2 - 3*f + 24. Let g be k(6). Suppose -696 = -5*n + 4*u, -n + 5*u = -42 - g. What is the hundreds digit of n?
1
Suppose 4 = -c - 2*q, -c - 4 - 6 = 5*q. Suppose -3*h = -c*h - 351. Suppose -5*x = -2*x - 2*b - 102, 3*b = -3*x + h. What is the units digit of x?
6
Let v be 16/10 + -2 - 36/(-15). Suppose -d + z - 4 = -2*d, -5 = -v*d - z. What is the units digit of d?
1
Let o be 8/20 + 12/(-5). What is the tens digit of (-936)/(-42) + o/7?
2
What is the tens digit of (5180/112)/((-1)/36*-3)?
5
Let w be 0 + 1*(-3 + 4). Let i be (7 - 6) + 0 + w. Suppose -v = 3*n - 33 - 49, -i*n + 2*v = -44. What is the tens digit of n?
2
Let z be ((-15)/(-12))/(2/32). Suppose -3*x + 2 = -4*s - 9, -3*x = 5*s - z. Suppose 3*g + 0*g - 41 = -x*d, -5*g = d - 61. What is the units digit of g?
2
What is the hundreds digit of 8891/(-136)*-34 + 10/8?
2
Let o(v) = 26*v**2 + 4*v + 2. Suppose p = 2, -2*p + 13 = -3*f + 3. Let c be o(f). Suppose -2*h - 2*h - k = -81, -5*h + c = -2*k. What is the units digit of h?
0
Suppose -10*g + 6*g = 40. Let s = g - -12. Suppose -2*k = 3*r - k - 57, s*k - 14 = -r. What is the tens digit of r?
2
Suppose -5*f + 0*f = 70. Let h = f - -159. What is the hundreds digit of h?
1
Suppose 18*y - 23*y = -1220. What is the units digit of y?
4
Suppose 4 = o + 2*a, -2*o + 7*a + 8 = 2*a. Suppose 2*u - o = -12. What is the units digit of ((-7)/u)/((-4)/(-16))?
7
Suppose -a = 2*a - 15. Suppose -a*b + 341 + 49 = 0. Suppose m + 4*m = 4*k - 63, b = 4*k - 2*m. What is the units digit of k?
2
Let h = 188 + -291. Let l = h - -181. What is the tens digit of l?
7
Suppose -25418 = 16*g - 87*g. What is the units digit of g?
8
Suppose 9644 = 4*g + y, 0 = -3*g + 7*g + 4*y - 9644. What is the units digit of g?
1
Suppose -4291 = -35*a + 30*a - g, 4*a = -3*g + 3424. What is the hundreds digit of a?
8
Suppose -3*v + 2 = -1, 5*b - v - 24 = 0. Suppose -2*y + b*y - 516 = -3*a, -3*y = 4*a - 686. What is the tens digit of a?
7
Let t(x) = x**3 + 23*x**2 + 38*x - 48. What is the units digit of t(-19)?
4
Suppose -4*k + 5*o - 127 = 0, -3*o + 118 = -4*k - o. Let w = 98 + -118. Let c = w - k. What is the units digit of c?
8
Let v = 903 - -1367. What is the thousands digit of v?
2
Suppose 31*u - 50084 = 15667. What is the hundreds digit of u?
1
Let o = -22 - -31. Let j = -5 + o. Suppose j*m = -m + 150. What is the units digit of m?
0
Let j(i) = 4*i**2 - 21*i - 131. What is the hundreds digit of j(-13)?
8
What is the units digit of 3 + 279/2*(-96)/(-72)?
9
Let n = -377 - -653. Suppose -7 = d - 3, 4*z - n = 5*d. What is the units digit of z?
4
Suppose -5*m - 7*m + 22872 = 0. What is the tens digit of m?
0
What is the hundreds digit of 2*(132/16)/(-3)*-86?
4
Suppose -2*s + 0*s - 2*s = 0. Suppose s = -2*a + 347 - 25. What is the hundreds digit of a?
1
What is the units digit of (320/(-6))/(88/(-3036))?
0
Let h = -7 + 7. Suppose h = 4*b + 3*f - 4*f - 27, 0 = 5*b - 4*f - 20. Suppose 3*u - b = -5. What is the units digit of u?
1
Let q be (((-6)/1)/(-3))/((-4)/(-16)). Suppose -2*r = -u + 185, 4*u - q*u = -r - 726. What is the units digit of u?
1
Suppose 4*z - 1078 = -2*i, 5*i - 2695 = -0*i + 4*z. What is the hundreds digit of i?
5
Suppose 66 = -4*j + 302. What is the units digit of 4 + 0 + j - 0?
3
Suppose 2*m = 8, -4*m + 14069 = 5*i + 1593. What is the tens digit of i?
9
Let j be 4/((-3)/(99 + 3)). Let d = -41 - j. What is the tens digit of d?
9
Suppose 0 = -3*r + u + 5185, u = -u - 8. What is the tens digit of r?
2
Suppose 0 = 110*g - 73*g - 11951. What is the hundreds digit of g?
3
Let k = -94 + 96. Suppose -4*r - 2*m + 706 = 0, -r - r + 368 = -k*m. What is the hundreds digit of r?
1
Let q be ((-4)/6)/(2/(-15)). Let v = -48 + 171. Suppose -4*f - l + 8 + v = 0, 0 = -f + q*l + 59. What is the tens digit of f?
3
Suppose 2*k = -z - 3 + 4, -2*z = 2*k + 8. Let a = z + -19. What is the tens digit of (-1953)/a - (-2)/8?
7
Suppose z = 1 - 1. Suppose z = 15*l - 14*l - 7. What is the units digit of l?
7
Let g = 8798 - 5013. What is the units digit of g?
5
Suppose 54*o - 255 = 49*o. What is the tens digit of o?
5
Let t(d) = d**2 + 3*d + 577. What is the hundreds digit of t(0)?
5
Let q(g) be the first derivative of -g**4/2 + 2*g**3/3 - 3*g**2/2 + 2*g + 23. What is the units digit of q(-4)?
4
Let b be 69*2 + (-5 - -5). Suppose 4*n + 93 = k, 2*k - 5*n - 54 = b. What is the tens digit of k?
0
Suppose -40*z + 36*z + 2288 = 0. What is the hundreds digit of z?
5
Let z(f) = -2*f + 23. Let m be z(10). What is the units digit of -7 + 95 + (m - 2)?
9
Let y(q) = q + 151. What is the hundreds digit of y(-22)?
1
Suppose -p + 0*p - 10 = 0. Let o = 15 + p. Suppose 0 = -t + 2*y + 4, -y + 2 + o = t. What is the units digit of t?
6
Let k(d) = -d**3 + 2*d**2 - 12*d + 11. Let m be k(6). Let q = -94 - m. What is the tens digit of q?
1
Suppose 3*u + 1 = 16. Suppose -406 = -16*n - 134. Suppose -c - 5 = -u*k + c, -4*k - c = -n. What is the units digit of k?
3
Suppose -c + 